Does 19 divide 55313646?
False
Is 1028978678 a multiple of 5?
False
Does 19 divide 72863860?
True
Does 11 divide 154875424?
True
Does 55 divide 3398171425?
True
Is 293377992 a multiple of 5?
False
Does 13 divide 7168730?
False
Is 72699120 a multiple of 2182?
False
Is 3 a factor of 35600331?
True
Does 26 divide 3074321?
False
Is 674712 a multiple of 72?
True
Is 24 a factor of 59913336?
True
Is 13 a factor of 28938923?
True
Does 16 divide 4165200?
True
Is 3800033 a multiple of 3?
False
Is 671831466 a multiple of 3009?
True
Is 645 a factor of 49953050?
False
Does 99 divide 13710114?
True
Does 46 divide 132782726?
True
Is 289 a factor of 3391345406?
False
Is 45 a factor of 419837400?
True
Is 2292 a factor of 54635275?
False
Does 4478 divide 568237284?
False
Is 128629101 a multiple of 1607?
True
Is 4701426 a multiple of 62?
False
Is 33058199 a multiple of 1666?
False
Does 58 divide 2946447560?
True
Is 1351379830 a multiple of 13?
False
Is 79540472 a multiple of 4361?
False
Does 639 divide 262273716?
True
Is 417 a factor of 49936009?
False
Is 105050563 a multiple of 6?
False
Is 486111492 a multiple of 330?
False
Is 10917267 a multiple of 57?
True
Does 13 divide 761313475?
True
Is 315714999 a multiple of 1307?
True
Is 146487781 a multiple of 33?
False
Is 14 a factor of 1979679?
False
Does 15 divide 1610084708?
False
Is 31 a factor of 114845954?
False
Is 214566085 a multiple of 397?
False
Does 300 divide 330058500?
True
Is 1303533 a multiple of 1089?
True
Is 5 a factor of 21974200?
True
Does 13 divide 6815783619?
False
Is 46938617 a multiple of 863?
False
Is 107 a factor of 22780791?
False
Is 11 a factor of 387777836?
False
Is 43187704 a multiple of 56?
True
Is 1008568811 a multiple of 48?
False
Is 210 a factor of 645541335?
False
Does 3098 divide 159079202?
True
Is 48988857 a multiple of 532?
False
Is 285562884 a multiple of 4?
True
Is 197 a factor of 1167718306?
False
Is 91 a factor of 5835557?
True
Is 185 a factor of 104193850?
True
Is 74 a factor of 49303616?
False
Is 445056 a multiple of 6?
True
Is 10769841 a multiple of 1689?
False
Does 13 divide 17616196?
True
Is 192058314 a multiple of 7?
True
Does 60 divide 175878120?
True
Is 351300236 a multiple of 14?
True
Does 501 divide 1564312526?
False
Is 298 a factor of 588216683?
False
Does 171 divide 408228960?
False
Does 136 divide 428117992?
False
Does 135 divide 5175765?
True
Is 13 a factor of 54273271?
True
Is 5 a factor of 248193202?
False
Does 545 divide 1906522270?
True
Does 1396 divide 670316094?
False
Does 146 divide 123975900?
True
Is 38072247 a multiple of 1315?
False
Does 424 divide 18057133?
False
Does 340 divide 5860335?
False
Is 30192316 a multiple of 7?
True
Does 80 divide 715742696?
False
Does 6742 divide 437255143?
False
Is 107 a factor of 322649726?
True
Is 36690990 a multiple of 7?
True
Is 2176749 a multiple of 27?
False
Is 305918280 a multiple of 18?
True
Is 134 a factor of 20797738?
True
Is 32743934 a multiple of 48?
False
Is 920 a factor of 740292720?
True
Does 3257 divide 706117600?
True
Is 7402752 a multiple of 1728?
True
Is 534916200 a multiple of 600?
True
Is 88 a factor of 100751728?
True
Is 2407 a factor of 224409424?
True
Is 394 a factor of 330500579?
False
Does 875 divide 198371250?
True
Does 100 divide 280057929?
False
Is 9454095 a multiple of 35?
True
Is 135 a factor of 37961088?
False
Is 138 a factor of 6116967?
False
Is 195355514 a multiple of 4577?
True
Is 136 a factor of 105421624?
True
Is 156014715 a multiple of 87?
False
Is 243044627 a multiple of 187?
False
Is 1636361184 a multiple of 48?
True
Is 131857357 a multiple of 8?
False
Does 83 divide 16026221?
True
Does 3129 divide 454502488?
False
Does 372 divide 61461096?
True
Is 40044987 a multiple of 423?
True
Is 37938807 a multiple of 17?
False
Is 13576561 a multiple of 2?
False
Is 9641185 a multiple of 356?
False
Is 257 a factor of 9315611?
False
Is 63 a factor of 2563471386?
True
Does 3 divide 23354956?
False
Is 74111692 a multiple of 851?
False
Does 50 divide 1446412139?
False
Does 89 divide 77732066?
True
Is 953 a factor of 356077444?
False
Is 222 a factor of 201952068?
True
Is 42470824 a multiple of 792?
False
Does 2 divide 35845672?
True
Is 2561944798 a multiple of 24?
False
Does 26 divide 924998756?
False
Is 45747860 a multiple of 3434?
False
Does 36 divide 20891340?
True
Does 81 divide 10936701?
True
Is 14766090 a multiple of 2545?
True
Is 646 a factor of 16027906?
True
Is 44367345 a multiple of 405?
True
Is 91279962 a multiple of 37?
True
Is 24 a factor of 12257115?
False
Is 1184496426 a multiple of 45?
False
Does 245 divide 871966025?
True
Does 18 divide 619857702?
True
Is 584277106 a multiple of 5426?
True
Is 194 a factor of 6758064496?
True
Is 629088 a multiple of 104?
False
Does 25 divide 3949200?
True
Is 148814064 a multiple of 72?
True
Does 140 divide 12742940?
True
Does 131 divide 354190903?
False
Does 1035 divide 207030316?
False
Is 163544960 a multiple of 320?
True
Is 20 a factor of 65388?
False
Is 10793217 a multiple of 25?
False
Is 210873083 a multiple of 21?
False
Is 172 a factor of 69183108?
False
Is 68508160 a multiple of 140?
True
Does 68 divide 4536552?
True
Is 23 a factor of 13924361?
True
Is 172412226 a multiple of 18?
True
Is 7 a factor of 183717625?
True
Is 24490313 a multiple of 180?
False
Is 18516203 a multiple of 102?
False
Does 4 divide 179049031?
False
Does 22 divide 54390138?
True
Does 53 divide 2169802033?
True
Is 720970949 a multiple of 997?
False
Is 18983351 a multiple of 112?
False
Is 24566384 a multiple of 31?
True
Is 72876304 a multiple of 10?
False
Is 18172600 a multiple of 5?
True
Does 22 divide 3537125104?
False
Is 250908687 a multiple of 321?
True
Is 711420696 a multiple of 36?
True
Does 21 divide 1830779455?
False
Is 131342036 a multiple of 2092?
True
Does 12 divide 125170480?
False
Does 1667 divide 250735464?
False
Is 980 a factor of 7887736?
False
Does 2097 divide 182461241?
False
Does 34 divide 1415298815?
False
Does 998 divide 92235501?
False
Does 21 divide 3237675733?
False
Is 1594 a factor of 202570021?
False
Is 4666512 a multiple of 24?
True
Is 4185360 a multiple of 48?
True
Is 172811815 a multiple of 11?
True
Is 64 a factor of 4271589255?
False
Does 16 divide 44294151?
False
Is 10 a factor of 36009420?
True
Is 50374349 a multiple of 1334?
False
Is 117 a factor of 5473517?
False
Is 44023449 a multiple of 83?
True
Does 25 divide 9180585?
False
Does 284 divide 18590293?
False
Does 830 divide 22845817?
False
Is 198 a factor of 26821674?
True
Is 214442150 a multiple of 5?
True
Is 350 a factor of 473792950?
False
Is 38154653 a multiple of 309?
False
Is 2529420427 a multiple of 7934?
False
Is 312070416 a multiple of 21?
True
Does 37 divide 8916238?
False
Is 98664874 a multiple of 22?
True
Is 1691 a factor of 433877539?
False
Is 318209304 a multiple of 16?
False
Does 131 divide 1006202485?
True
Is 176 a factor of 111694176?
True
Is 212000046 a multiple of 9?
False
Is 86 a factor of 4187183?
False
Is 8 a factor of 17503240?
True
Is 341027319 a multiple of 207?
False
Is 66089456 a multiple of 214?
False
Does 21 divide 47621550?
False
Does 47 divide 3845428?
False
Is 971 a factor of 1266170406?
True
Is 18392955 a multiple of 2969?
True
Is 48 a factor of 5187312?
True
Is 201 a factor of 244736782?
False
Is 1401 a factor of 52088065?
False
Does 12 divide 806933?
False
Does 7 divide 4915274?
True
Does 1984 divide 155956782?
False
Is 134710637 a multiple of 4?
False
Does 47 divide 401732278?
False
Does 520 divide 285035999?
False
Is 19791540 a multiple of 5?
True
Does 18 divide 14755789?
False
Is 4772 a factor of 354484277?
False
Is 333 a factor of 2236428?
True
Does 451 divide 192049813?
False
Is 18 a factor of 23846056?
False
Does 99 divide 853454745?
True
Does 1568 divide 569077376?
True
Is 90761901 a multiple of 2?
False
Is 487148 a multiple of 6?
False
Is 7597 a factor of 6694020580?
True
Is 10 a factor of 13127330?
True
Is 23612732 a multiple of 26?
True
Is 12977475 a multiple of 665?
True
Is 5775 a factor of 558812100?
True
Is 7258 a factor of 233946530?
False
Is 9957654 a multiple of 21?
True
Does 5 divide 123649224?
False
Is 55 a factor of 275585530?
True
Is 37 a factor of 93145146?
False
Is 1453 a factor of 202282870?
False
Is 14048818 a multiple of 7?
True
Do